 + 0*f = 2*f + 65. Is w a prime number?
True
Suppose 0 = 3*m - 325 + 85. Suppose 0 = 5*a - 600 + m. Suppose 5*t - 2*k = k + a, 0 = -t - 4*k + 30. Is t composite?
True
Let z(v) = -v**3 - 7*v**2 + v + 9. Let g be z(-7). Suppose 2*o + 2*o - 380 = -g*r, 210 = 2*o - 4*r. Is o prime?
True
Suppose -p + 205 = -46. Is p prime?
True
Let t(g) be the first derivative of 13*g**2/2 - 7*g - 1. Let d be t(7). Suppose -5*p + d + 26 = 0. Is p a prime number?
False
Suppose 5*t - 913 = 457. Is t prime?
False
Let m be -1 + 0 + -1 - -8. Let r = 6 - m. Is r - (-2 + 3)*-19 a composite number?
False
Let x(r) = 255*r**2 - 2*r. Let s(t) = 1276*t**2 - 11*t. Let k(n) = -2*s(n) + 11*x(n). Is k(-1) a composite number?
True
Suppose -2*b = b - 6. Suppose b*u + u = -3. Is u*2/((-4)/14) a composite number?
False
Let a = 4 - 1. Let r(p) = -2*p**3 + a*p**3 + 3*p**2 - 4*p**2 + 39. Is r(0) prime?
False
Suppose 0 = 3*d - 3 - 3. Suppose w - 120 = -d*w. Let j = w - 17. Is j composite?
False
Suppose -4*g + 9*g - 7540 = 0. Suppose 2*p + g = 6*p. Is p a composite number?
True
Suppose 322 = 4*k - 2*q, -5*k + 399 = -0*k + q. Is k - 6/(4 - 2) prime?
False
Suppose -t - 16570 = -11*t. Is t a prime number?
True
Let w(j) = -5*j**3 - 2*j - 2. Suppose 2*l + l + 9 = 0. Is w(l) a prime number?
True
Let j(h) = -2*h. Let p be j(10). Let r = p - -39. Is r composite?
False
Let r = -4 + 7. Let t = r + 18. Is t composite?
True
Let x(q) = 0*q + q**2 + 42 - q**3 - 12 + 57 - q. Is x(0) a prime number?
False
Let g be ((-6)/18)/((-2)/(-6)). Let d be g + 2 - (1 + -5). Let f(k) = 5*k**2 + 5*k - 5. Is f(d) a prime number?
False
Let u(w) = -39*w - 25. Is u(-8) a prime number?
False
Let m be ((-54)/12)/(2/(-60)). Let a = 266 - m. Is a a prime number?
True
Suppose 30 = -5*b + 10*b. Let y(x) = 9*x**2 - 7*x + 9. Let a be y(b). Let v = a + -164. Is v prime?
True
Let g(b) = 24*b**2 + b + 2. Is g(3) composite?
True
Let x(m) = -m**2 + 12*m + 2. Let h be x(12). Suppose 3*w - 197 + h = 0. Is w composite?
True
Let k be (-3)/(-12) - 11/(-4). Suppose -4*q = -2*t - 70, k*q - 36 = -3*t - 6. Is q a composite number?
True
Suppose 2*t = -t. Suppose -4*g = -g - 2*y - 1432, y - 1 = t. Is g a composite number?
True
Let q(i) = i**2 - 3*i - 2. Let k be q(-1). Is (k - 1)/((-2)/(-422)) a prime number?
True
Let r(q) = -72*q**3 + q**2 + q - 1. Is r(-2) prime?
True
Let l = 98 - 49. Is l a composite number?
True
Suppose -5*m + 5 = 5*b, 3*m + 3*b - 7 = -m. Suppose -m*g - 3*q + 112 = -q, -4*g + 112 = -q. Suppose 4*d = g - 4. Is d a prime number?
False
Let a = -6 - -6. Let i be (-27 + a)*9/(-27). Suppose 3*w - 192 = 3*o, o - i = -2*o. Is w composite?
False
Let h be (-14)/(-4)*(0 + 22). Suppose 0*d = d - h. Is d composite?
True
Suppose 5*i = i + 12. Suppose q + i*q - 8 = 0. Let d = q - -12. Is d a prime number?
False
Suppose 106 = 4*k - 1930. Is k a prime number?
True
Let a(z) = 4*z - 4. Suppose 0 = -5*m - 2*v + 20, 0 = -0*v + 4*v + 20. Let p be a(m). Let t = p - -15. Is t prime?
False
Let j be ((-2)/5)/((-2)/10). Suppose -3*p = j*p - 2065. Is p composite?
True
Let i be (-141)/(-4) - (-9)/12. Suppose -i + 6 = -3*k. Is k composite?
True
Suppose 556 = 2*w + 150. Is w a composite number?
True
Let k(i) = 636*i + 35. Is k(4) composite?
False
Let x(f) = 5*f - 6. Let o(k) = -1. Let m(j) = -o(j) - x(j). Is m(-8) composite?
False
Suppose -4*r - 58 = -734. Is r composite?
True
Suppose 25 = -5*z, -165 = -f - f - 5*z. Is f composite?
True
Let j(a) = -2*a**3 - 7*a**2 + 10*a + 7. Is j(-6) prime?
True
Let q(u) = 2*u - 2. Let n be q(2). Is (4/n)/(2/53) composite?
False
Suppose 337 = 3*p + 5*u, 3*p - 332 = -0*p - 4*u. Let l = -4 + 7. Suppose 3*m - 54 = -r, l*r = 6*m - m - p. Is m prime?
True
Let a(s) = 3*s**2 + 3*s - 1. Let t(d) = d**2 + 1. Let f be t(-1). Let c be 1/f + 45/10. Is a(c) a composite number?
False
Suppose -4*i + 16 = 4*q, i - 10 = 2*q - 3. Let b be 144/i + 3/15. Suppose m - 4*l + 159 = 6*m, -m + 2*l + b = 0. Is m composite?
False
Suppose b - 13 = -5*h - 78, -2*h = -5*b - 325. Is (2/(-5))/(1/b) a prime number?
False
Is (1 + 482/(-4))*-2 prime?
True
Let b(q) be the second derivative of 47*q**4/6 - q**3/2 + 3*q**2/2 - 2*q. Is b(2) composite?
False
Suppose 125 = -5*i + 2830. Is i a prime number?
True
Let r = -688 - -2543. Suppose 7*p - 2*p - r = 0. Is p a prime number?
False
Let y = -752 + 1159. Is y a composite number?
True
Suppose 20 = 2*q - f - 20, 0 = 2*q - 2*f - 38. Let v = 56 - q. Is v composite?
True
Suppose -1656 - 6238 = -4*y - 2*o, -9863 = -5*y + 2*o. Is y a prime number?
True
Suppose 0*m = m + 65. Is 2 - 4/(4/m) prime?
True
Suppose 5*p + 2 = 27. Suppose -3*k = 5*z - 2688, p*k - 543 = -3*z + 1073. Is z a composite number?
True
Let y(j) = j**3 - 13*j**2 + 32*j - 7. Is y(13) a prime number?
True
Let x(u) = 4*u**3 - 6*u**2 + 10*u + 3. Is x(8) prime?
True
Suppose -5*h = -i + 772, 4*i - 2*h - 2*h = 3136. Is i composite?
False
Suppose -y + 0*y + 249 = 0. Suppose -w = -4*w + y. Is w composite?
False
Let m = -207 - -356. Is m a prime number?
True
Let n(g) = g**3 + 5*g**2 - 2*g - 5. Suppose -l - 2*l = 15. Let s be n(l). Suppose -4*p = -15 - 1, 59 = s*b - 4*p. Is b composite?
True
Let x(j) = 3*j**3 + j**2 - 4*j + 2. Is x(2) composite?
True
Suppose 8*n = 4*n - 8. Is 1923/4 - n/8 a prime number?
False
Suppose -2*u - 2*u + 22 = -5*d, -3*u - 4*d = -1. Suppose 0 = -u*t + 119 + 58. Is t a prime number?
True
Suppose 0 = -3*k - 9, -7*k + 2*k = -5*h + 20. Let c(t) = 5*t. Let d be c(h). Suppose -63 = d*f - 218. Is f a composite number?
False
Let s be (10/(-25))/(2/10). Let v = s + 5. Suppose -v*z - 45 = 5*q - 151, 4*z = 5*q - 127. Is q composite?
False
Let d be (-710)/(-35) + 2/(-7). Let w = d + 175. Let v = -104 + w. Is v prime?
False
Suppose w = -4, -5*g + 0*g - 1018 = 2*w. Suppose 6 = 2*c, -220 = 2*r - c - c. Let s = r - g. Is s a prime number?
False
Let i(l) = l**3 + 19*l**2 + l + 22. Let d be i(-19). Suppose 16 = 2*h + 2*h. Suppose h = g - d. Is g a composite number?
False
Let m be (-9)/2*4/3. Let d = 9 + m. Suppose d*v + 28 = 7*v. Is v prime?
True
Let g be -1 + -2 - -4 - -3. Let m be (-2)/g*(-9 + 1). Suppose -m*z + 73 = -3. Is z prime?
True
Let z(g) = 3*g**3 - 8*g**2 + 6*g + 2. Is z(7) prime?
False
Suppose -4*o - 3*f + 1864 = f, -o + 465 = 2*f. Is o a composite number?
False
Suppose -2*x = x. Suppose -650 = -5*d - 5*u, x*u = -4*u - 4. Is d composite?
False
Suppose 2*x = -o + 11082, -2*x - o - 27705 = -7*x. Is x composite?
True
Suppose 0 = 5*r - p + 1544, 3*r - 2*p + p + 926 = 0. Let d = -98 - r. Is d prime?
True
Let l = 2303 - 1393. Let i = l - 495. Is i prime?
False
Let c(v) = -v**3 + 17*v**2 - 15*v - 5. Is c(16) prime?
True
Let d(k) = 6 - 3*k**2 + 2 - k - 1. Let l be d(-6). Let m = -57 - l. Is m composite?
True
Let z(m) = -m - 1. Let b be z(-1). Suppose b*y = -2*y - 16. Let a(v) = -v**3 - 8*v**2 - 8*v - 5. Is a(y) composite?
False
Let z(t) = 26*t + 12*t - 10*t. Let v be z(1). Suppose 6*x = 4*x + v. Is x prime?
False
Suppose -5*r = -2*r. Suppose -5*b - 1272 = -3*o - r*b, -5*b = 3*o - 1242. Is o composite?
False
Suppose 0 = 5*o + 5*t - 290, 116 = 3*o + 2*t - 56. Suppose -2*l + 294 = -5*a + o, -2*l - 2*a = -238. Is l prime?
False
Let s(z) = -10*z**3 - z**2 - 2*z + 1. Let c be s(-2). Suppose 2*u - 80 - 6 = -4*p, 0 = 3*p - 4*u - c. Is p a prime number?
True
Suppose 5*l - 2*b + 12 - 40 = 0, -16 = -3*l + 2*b. Let h(p) = -p**3 + 7*p**2 - 3. Is h(l) a prime number?
False
Let w = -10 - 6. Let c = w - -31. Suppose c = 3*r, -4*r - 46 = -2*m - 0*r. Is m a prime number?
False
Let g be -4*(3 + (-9)/6). Let c = 13 + g. Is c a composite number?
False
Suppose 6*m - 141 = 45. Is m a composite number?
False
Let i(c) = 6*c - 4. Let o(q) = 1. Let x(k) = i(k) + 3*o(k). Let n be x(1). Suppose -2*w + 624 = -n*m, 0 = -w - 5*m + 297. Is w prime?
True
Let v be ((-1194)/(-12))/(1/2). Let x = v + -80. Is x a prime number?
False
Suppose 6*f - 2*f - 5*h = -105, -5*f - 115 = -3*h. Let d = f + 669. Is d prime?
False
Let l be (6/(-4))/((-9)/384). Suppose -n = -r - 66 - l, -2*n = -r - 257. Is n prime?
True
Suppose 33 = 3*v - 3. Let c be 2/(-3) + 32/v. Is 4/c + (-1 - -3) composite?
True
Let x(u) = -u + 0*u - 19 - u. Is x(-14) prime?
False
Let z = 0 - 0. Let l be (z - -2) + -10 + 2. Is 9 - 4*(-3)/l prime?
True
Suppose 3*d + 2*d - 2*b = 947, -3*b - 943 = -5*d. Is d prime?
True
Let h(w) =